0
Suppose 5*l - 5*d - 15 = 0, 6*d - 25 = -3*l + d. Suppose -179 = 25*g - 529. Calculate the remainder when g is divided by l.
4
Let y(j) = 3 - 2*j - 3. Let c be y(-2). Suppose -c*h + h = -42. Calculate the remainder when 41 is divided by h.
13
Let l = 4 - -9. Calculate the remainder when l is divided by 5.
3
Suppose b + 4*d = 179, 4*b - 390 - 284 = -2*d. Calculate the remainder when b is divided by 28.
27
Suppose 0*d + d = -2*x + 24, 0 = -2*d + 2*x + 18. Let f(g) = 2 + 3 + 4*g + 1. Calculate the remainder when f(5) is divided by d.
12
Suppose 2*n = 7*n - 130. Let k = -904 - -979. What is the remainder when k is divided by n?
23
Suppose 9 = 3*n, 2 = -5*u + 3*u - 2*n. Let g = -4 - u. Let z = g + 13. What is the remainder when z is divided by 7?
6
Let b(g) = 8*g - 1 + 0 - 5 + g**2. What is the remainder when b(5) is divided by 20?
19
Let x(i) = -i**2 - 5*i + 4. Let n(t) = t. Let u(w) = -2*n(w) - x(w). Let h = -3 - -6. Calculate the remainder when 40 is divided by u(h).
12
Suppose -2*s + 3*i - 126 = -7*s, 0 = -2*s - i + 51. Suppose 0*w - 3*w = -30. Calculate the remainder when s is divided by w.
7
Suppose -4*n = -60 + 8. What is the remainder when 62 is divided by n?
10
Let u(o) = 4*o + 6. Let h(w) = 4*w + 5. Let y(a) = 5*h(a) - 4*u(a). Calculate the remainder when 13 is divided by y(1).
3
Let t = 27 + -18. Let h(q) = -6*q**2 - 2*q + 3. Let i be h(-3). Let d = -19 - i. Calculate the remainder when d is divided by t.
8
Let s(c) = 5*c - 1. Let p(i) = -2*i + 15. What is the remainder when s(6) is divided by p(0)?
14
Suppose 16 + 11 = 3*h. Suppose o - h = -0*o. Calculate the remainder when 34 is divided by o.
7
Suppose -2*m + 129 = -241. Suppose 3*t + 2*t = m. What is the remainder when t is divided by 13?
11
Let i(z) = 3*z - 4. Calculate the remainder when 84 is divided by i(7).
16
Suppose 14*i - 60 = 9*i. What is the remainder when i is divided by 5?
2
Let i(s) = s**3 - 7*s**2 - 12*s - 7. Calculate the remainder when i(9) is divided by 25.
22
Suppose 0 = 5*d - d - 24. Calculate the remainder when 8 is divided by d.
2
Let c = -2 - -3. Suppose -2*f + 1 = -c. Suppose 3*z - f = 5. Calculate the remainder when z is divided by 1.
0
Let p = 27 - 71. Let l = 103 + p. What is the remainder when l is divided by 20?
19
Let s = 55 - 30. Let o = -11 + s. What is the remainder when 1 + (-16)/4 + 44 is divided by o?
13
Let r = 0 + -3. What is the remainder when 13 is divided by 0 - (6/(-3) + r)?
3
Let q(y) = 19*y**3 + 2*y**2 - y. Let m be q(1). Suppose 0*a - 2*c - 8 = -2*a, -5*a - c + m = 0. Let z = 19 - a. Calculate the remainder when 27 is divided by z.
12
Suppose j = -5*v + 47, j = 5*v - 0*j - 43. Calculate the remainder when 33 is divided by v.
6
Let r(j) = -7*j + 8. Let z be r(6). Let f be 2*((-21)/2 + 2). Let k = f - z. What is the remainder when 32 is divided by k?
15
Let b(x) = 2*x**2 - 10*x + 2. Let t be b(5). Let r(j) = 3*j**3 - 3*j**2 + j - 1. Let f(w) = 4*w. What is the remainder when r(t) is divided by f(2)?
5
Let t be 1 - (0 - 2) - -35. Suppose -z + 38 = 5*n, 3*n - z - 8 = 10. Calculate the remainder when (-1)/(((-2)/t)/1) is divided by n.
5
Let u be 15/(-6)*-12 + -1. Let k = -12 + u. Calculate the remainder when 66 is divided by k.
15
Let n = -11 + 16. What is the remainder when 58 is divided by n?
3
Let k be 4*(0 + -1)/(-1). Suppose 38 + 18 = k*t. What is the remainder when t is divided by 5?
4
Suppose 12 = -2*c + 192. Suppose -3*h - 55 = 2*h. Let v = h + c. Calculate the remainder when v is divided by 27.
25
Let b(h) = 17*h - 2. Calculate the remainder when b(6) is divided by 26.
22
Let b = 4 - 2. Suppose -2*u + 3*u + b = 0. Calculate the remainder when (0/u)/(-2) - -2 is divided by 1.
0
Suppose -5*v = 3*s - 420, -s - s + 5*v + 255 = 0. Suppose -3*m = j - s, m - 86 = -m - 2*j. Suppose m = y + 12. What is the remainder when y is divided by 12?
10
Suppose -d - 4*d = 0. Suppose 4*w + 3 - 19 = d. Calculate the remainder when 9 is divided by w.
1
Suppose 4*k + 5*y = 169, y - 87 = -2*k + 2. Suppose 0 = 5*q - 38 - 82. What is the remainder when k is divided by q?
22
Let i = -16 + 65. Calculate the remainder when i is divided by 13.
10
Let j(i) = 4*i**2 + 4*i + 2. What is the remainder when 39 is divided by j(-2)?
9
Suppose -2*i + 1 + 3 = 0. Suppose 2*p + 3*p = 5*x - 35, i*x - 16 = 4*p. Let g(h) = h + 2. Calculate the remainder when 14 is divided by g(x).
6
Suppose -2*g - 10 = 4*d, g = 3*d - 0*d + 20. Suppose g = 2*f - 33. Calculate the remainder when f is divided by 11.
8
Let w be 2/4 + (-11)/(-2). Let z = 19 + w. Let g = -18 + z. Calculate the remainder when 12 is divided by g.
5
Let g = 4 + 5. Let v = -3 + g. Suppose 0 = 3*i + i - 16. Calculate the remainder when v is divided by i.
2
Let c(a) = 8*a. Let w be c(1). Calculate the remainder when w/(-36) + (-227)/(-9) is divided by 30/4*6/5.
7
Let b(v) = 3*v**2 + v. Let k be (-15)/(-10) + (-1)/(-2). Suppose -5*i + 4*i - 3 = -4*t, 10 = k*i. Calculate the remainder when b(-1) is divided by t.
0
Suppose 3*d = -75 - 33. Let n = -54 - d. Let c = -4 - n. Calculate the remainder when c is divided by 5.
4
Suppose -34 = -u - q - 11, 0 = -2*u + 3*q + 66. Calculate the remainder when 107 is divided by u.
26
What is the remainder when (-32)/(-10)*(-30)/(-4) is divided by 9?
6
Suppose -3*w - 2*w = 0. Suppose w = 3*f - 170 - 127. Let i = f + -70. Calculate the remainder when i is divided by 10.
9
Let b be 7 - 4 - (0 + 3). Suppose 0*n + 5*n - 50 = b. Calculate the remainder when n is divided by 4.
2
Let b = 4 - 1. Suppose 0 = -3*k, -3*c + 5*k + 183 = 2*k. Calculate the remainder when c is divided by (-6)/b*(-21)/2.
19
Calculate the remainder when 7 is divided by ((-2)/4*7)/(11/(-22)).
0
Let d = -45 - -80. Let j(g) = -2*g + 4. Calculate the remainder when d is divided by j(-4).
11
Suppose 0 = 4*n - 2*v - 62, -n - v + 19 = 2*v. What is the remainder when 62 is divided by n?
14
Suppose n - 2 = 2. Let o be -2 - (0 - 5) - -8. Let j = o + 2. Calculate the remainder when j is divided by n.
1
Let o(n) = -n**2 + 8*n + 7. Suppose -6*i = -5*i - 40. Calculate the remainder when i is divided by o(7).
12
Let w(j) be the second derivative of -j**4/12 - 2*j**3/3 + 3*j**2 + 4*j. Let v be w(-5). Calculate the remainder when (-74*(-2 + v))/2 is divided by 13.
11
Suppose 0 = 2*g - 61 - 1. Let h = 24 - 16. What is the remainder when g is divided by h?
7
Let c = 128 + -57. What is the remainder when c is divided by 24?
23
Let z(k) = 3*k**2 - k + 8. What is the remainder when z(-4) is divided by 31?
29
Let w be (-1 - -5)*(-6)/(-4). Let i = 17 - w. What is the remainder when i is divided by 6?
5
Suppose -3*u + 68 = -c, -7*u + 9*u = 2*c + 44. What is the remainder when 111 is divided by u?
19
What is the remainder when (-76)/(-19)*(-26)/(-8) is divided by (1/(-2))/((-1)/14)?
6
Calculate the remainder when 11 is divided by (-2)/(-15) - (-352)/60.
5
Suppose 14 = 2*g + 2*a, g + 4*g - a = 11. Suppose 3*h = 5*h + 30. What is the remainder when (9/h)/((-3)/15) is divided by g?
0
Suppose b - 6*b + 45 = 0. Suppose w = 4*w - 18. Calculate the remainder when b is divided by w.
3
Let t = -149 - -162. Let c(s) = -7*s - 1. Let w be c(-1). What is the remainder when 1/2 - (-141)/w is divided by t?
11
Let b = -1 + 5. Suppose 3*t + 14 = b*t. Calculate the remainder when t is divided by 5.
4
Let h = 305 - 182. What is the remainder when h is divided by 9?
6
Let o(y) = -4*y - 9. Let w be o(-6). Suppose -3*p + 30 = -3*h - 15, 5*h = -3*p + 45. Calculate the remainder when p is divided by 9/w - (-42)/5.
6
Let c(u) be the first derivative of -u**3/3 + 9*u**2/2 - 7*u + 2. Suppose -15 = -k - 2*k. Calculate the remainder when c(k) is divided by 5.
3
Suppose 2*w - 10 = 4. Suppose 4*o - 3*o - w = 0. What is the remainder when 13 is divided by o?
6
Suppose -5*f - 2*d - d + 4 = 0, 4*f + 2 = -5*d. Suppose -3*b = -f*b - 4. What is the remainder when ((-6)/9)/(b/(-210)) is divided by 9?
8
Suppose -23 = -i - 4*q, -25*i + 28*i - 5*q = 1. Let z = 45 + -19. What is the remainder when z is divided by i?
5
Let l(y) = -2*y + 22. Let s be l(9). Suppose -s*i + 7 = -9. Calculate the remainder when i is divided by 2.
0
Suppose 4*o + 2*h = 234, 5*h + 1 = -4. Suppose -2*f + 47 + 35 = 0. Let a = o - f. What is the remainder when a is divided by 10?
8
Let x(y) = y**3 - 2*y + 1. Let v(t)